 be the second derivative of -i**4/4 + i**2/2 + i. Let o = -112 - -111. Let v be 2*(-2)/(-4)*(o + 2). What is w(v)?
-2
Suppose 2*y + 100 = 7*y. Suppose 3*x - l - 2 = -y, -4*l = -5*x - 37. Let j(a) = a + 4. Determine j(x).
-1
Let v(t) be the second derivative of -25*t + 0 - 7/3*t**3 - 1/12*t**4 - t**2. What is v(-14)?
-2
Let x(b) be the third derivative of 5*b**4/24 + b**3/2 - 2*b**2 - 3. Determine x(4).
23
Let m(b) = b**2 - b - 1. Let x be (-1*1)/(6/(-12)). Let w = x + 1. Let s be m(w). Let f(g) = -g**2 + 4*g - 3. Calculate f(s).
-8
Let l(v) = 19*v + 95. Let t be l(-5). Let c(w) = 5*w + 6. Let j(o) = 9*o + 11. Let h(z) = 7*c(z) - 4*j(z). What is h(t)?
-2
Let m(j) = 15 - j**2 - 13 - 9*j - 6 - 3 - j. Determine m(-7).
14
Let t = 5 - 5. Suppose -p - 8 + 10 = t. Suppose -3 = -p*l - l. Let k(h) = -6*h**3 - 2*h**2 + 1. Determine k(l).
-7
Let t(i) = -105 - i**2 + 122 + 2*i**2 + 13*i. Determine t(-12).
5
Let g(a) = a**3 - 6*a**2 + 2*a + 1. Let v(j) = 2*j**3 - 5*j**2 + 7*j - 12. Let d(n) = -3*g(n) + v(n). Determine d(13).
-2
Let t(z) = z - 8. Let p be t(9). Let n(l) = -7*l - 1 + 9*l + 2 - 6*l. Calculate n(p).
-3
Suppose 3*t - 7*t = 4*w + 8, -t - 4 = 0. Let i(m) be the second derivative of -2*m + 0*m**3 - 2/3*m**4 + 0 + 0*m**w. Calculate i(-1).
-8
Suppose 30 = -5*g - 0. Let u(c) = -c**2 - 4*c - 6. Calculate u(g).
-18
Let n(p) = -3*p**2 + 4*p - 1. Suppose -3*x + 18 + 0 = 0. Let h be -2*1/(-4)*x. Suppose -4*u + 5*s + 20 = -12, -h*s = u + 9. Determine n(u).
-16
Suppose 12 = -0*q + 3*q. Let l(a) = -2 - q*a + 2*a + 5. Suppose -7*p + 2 = -12. Determine l(p).
-1
Let k be -3*1*(44 + -46). Let h(i) = -i**3 + 6*i**2 - 6*i + 3. What is h(k)?
-33
Let j(b) = b**2 + 11*b + 10. Suppose 0 = -4*g + 3*k - 52, 4*k + 13 + 1 = -3*g. Calculate j(g).
0
Suppose 14 = -22*t + 168. Let d(s) = -s**2 + 8*s - 19. Give d(t).
-12
Suppose 6*a - 14*a = 0. Suppose -16*k + 6*k = a. Let t(c) = -c - 16. Determine t(k).
-16
Let p(f) = -7*f + 11. Let h be (0 - 30/12)/(1/2). Let i(w) = -4*w + 5. Let q(r) = h*i(r) + 3*p(r). Determine q(6).
2
Let r(y) = y**2 - 4*y - 8. Let q be r(6). Let a = 24 + -19. Let f(w) = a - 3*w - 4*w**2 + 0*w + 4*w - 2 + w**3. Give f(q).
7
Let l(f) = -2*f**2 + 15*f + 10. Let y = -29 + 37. Let q be l(y). Let s(k) = k. Calculate s(q).
2
Let b(i) = i**2 - 2*i. Suppose y + z + 18 = 5*z, -2*y + 16 = 5*z. Determine b(y).
8
Let f(o) = o**3 - 4*o**2 + 2*o + 1. Let q(w) = -6*w**2 - 5*w**2 - w**3 + 9*w + 3*w**2 - 9. Let n be q(-9). Let s = 12 + n. Give f(s).
-2
Suppose 0 = -9*o + 27 + 36. Let x(q) = q**2 - 7*q - 2. Determine x(o).
-2
Let l(h) = 9*h**2 - 8. Let t = 1012 + -1009. Let a(v) = -4 + 3 - 3*v**2 + 4. Let j(k) = t*l(k) + 8*a(k). Calculate j(2).
12
Let t(d) = -d**3 + 7*d**2 - 3*d. Let o(l) = 2*l - 38. Let i be o(22). Calculate t(i).
18
Let x be 6/(-15) + (-56)/10. Let g(h) be the second derivative of -2*h**3/3 - h**2 + 16*h + 9. Give g(x).
22
Let z(k) be the third derivative of -7*k**2 - 5/6*k**3 + 1/60*k**5 + 0*k - 1/24*k**4 + 0. Give z(4).
7
Let u = 36 + -32. Suppose 0*d - u = 3*n - d, -n - 3*d = -12. Let p(w) = w**2 - w - 10. What is p(n)?
-10
Let j(s) = s**3 + 6*s**2 + 6*s - 1. Let p(v) = -v**3 + 21*v**2 - 21*v + 14. Let z be p(20). Give j(z).
-37
Suppose 0 = 35*p + 195 - 1210. Let v(x) = x**3 - 30*x**2 + 28*x + 22. Calculate v(p).
-7
Let w(f) = -2*f + 9. Let s be w(7). Let k = -49 + 51. Let c(h) = -h**2 + 5*h**2 + 5*h - 3*h**2 + 1 + 0*h**k. Give c(s).
1
Let d(l) = 3*l**2 - 3*l + 1. Let c(u) = 5*u**3 + 2*u**2 - 2*u + 1. Let p be c(1). Suppose t - p*t + 130 = 0. Let a be (-2)/(-14) - t/(-14). Determine d(a).
7
Let v = -4 + 14. Suppose -v = 4*a + 14. Let u = -3 - a. Let o(y) = -y**3 + 4*y**2 - 1. What is o(u)?
8
Let r(h) = -6*h**3 + h**2 + h. Let n(x) = -x**2 - 24*x - 109. Let q be n(-18). Calculate r(q).
6
Let q(m) = m**2 - 4*m - 3. Suppose -2*w - 8*p = -12*p + 20, 4*p = -w + 20. What is q(w)?
-3
Let a(s) = -8*s + 3*s + 0*s - 4 - 3*s. Let d(h) = -h - 1. Let l(w) = a(w) - d(w). Determine l(-2).
11
Let l(x) = -x**3 - 6*x**2 - 5*x + 6. Suppose 0*r - 30 = 5*r. Give l(r).
36
Let s(m) be the first derivative of m**6/360 + m**5/15 - 7*m**4/24 + m**3 + 9. Let f(q) be the third derivative of s(q). Calculate f(-8).
-7
Let f(m) be the third derivative of m**4/6 - 5*m**3/3 - 125*m**2. What is f(7)?
18
Let p = -26 + 36. Let c be p/4 - (-1)/(-2). Let m(d) = 0*d + d + c*d - 1 - 2*d. Determine m(5).
4
Let l(v) = 1. Suppose w = 6*w - 15. Let n(h) = 0*h - 2*h - 3 + w*h. Let y(d) = 4*l(d) - n(d). Calculate y(6).
1
Let t(d) be the third derivative of d**6/120 + 3*d**5/20 - d**4/8 - 13*d**3/6 + 2*d**2 - 25*d. What is t(-9)?
14
Let r(m) be the first derivative of m**7/840 + m**6/90 + m**5/40 + m**4/6 - 2*m**3/3 - 25. Let x(v) be the third derivative of r(v). Determine x(-4).
-8
Let h = -14 + 8. Let m(v) = -5*v + 1. Let r(t) = -9*t + 1. Let s(u) = -7*m(u) + 4*r(u). Calculate s(h).
3
Let l(x) = x**2 + 7*x - 16. Let d be -14 - 16/24*(-30)/4. Give l(d).
2
Let o(b) = b**3 - 5*b**2 - 8*b + 17. Let r be o(7). Let d = -66 + r. Let j(w) = -w - 1. Calculate j(d).
6
Let p(b) = -4*b + 1. Let i(w) = -w - 90 + 90. Let c(k) = -i(k) + p(k). Let a = 8 - 3. Give c(a).
-14
Let y(v) = 3*v**2 - v. Let z be y(-1). Let w(b) = 5*b - 18. Let d be w(z). Let j(k) = 6*k**2 - 2*k - 1. Determine j(d).
19
Let u(f) = f**3 + 9*f**2 + f - 9. Let q(w) = -2*w**3 - 10*w**2 - 2*w + 10. Let s(t) = 2*q(t) + 3*u(t). Give s(6).
23
Let n = 2 - 0. Suppose -3 = -n*u + 1. Let q(z) be the third derivative of z**5/12 - z**4/6 + z**3/3 - 56*z**2 + 6. What is q(u)?
14
Let m(x) = 2*x**2 + 2*x - 5. Let u(b) = -2*b**2 - b + 4. Let a(z) = -6*m(z) - 7*u(z). Suppose -5*s - 8 = -2*t - 0*s, 20 = 5*t + 2*s. Determine a(t).
14
Let f = -23 - -100. Let c(x) = x**3 + 6*x**2 - 11*x + 7. Let o be c(-7). Let t(j) = -2*j**2 + f - 5*j - o - 38. Give t(-4).
-8
Let a = -1434 + 1418. Let l(v) = -v**2 - 16*v - 17. What is l(a)?
-17
Let m = -9 - -2. Let w = 44 + -30. Let a(x) = 7*x + w + 12*x - 21*x + 3*x. Give a(m).
7
Let r(f) = 8*f + 10. Suppose 209*t + 119 = 192*t. Determine r(t).
-46
Let p = 418 - 406. Let b(x) = -x**2 + 14*x - 16. Calculate b(p).
8
Let n(l) = 12*l - 15. Let t(d) = 7*d - 8. Let c(y) = 4*n(y) - 7*t(y). Calculate c(4).
-8
Let d(v) = 1 - v - 2*v**3 + v**2 - 5 + v**3. Suppose 0 = 22*r - 20*r. Calculate d(r).
-4
Let l(n) be the first derivative of n**4/4 - 4*n**3/3 + n**2/2 - 4*n - 8. Suppose -x = -5*w + 20, 2*x + 1 = -w - 2*w. Suppose 0 + w = s. Give l(s).
-10
Let j = 2569 - 2566. Let k(m) be the first derivative of -m**4/4 + 2*m**3/3 + 3*m**2/2 + 3*m + 1. What is k(j)?
3
Suppose 2*t - 2*f - 3 = -3*f, 0 = 3*t + 5*f - 1. Let n(b) = -2 + b**2 - 9*b**2 + 3*b**t + 1. Calculate n(-1).
-6
Let x(k) be the first derivative of k**3/3 + 3*k**2 + k + 1. Let b = 67 + -70. Give x(b).
-8
Let i be ((-4)/16)/(17/(-204)). Let q(f) = 3 - 4*f + 0*f**2 + 0 + 6*f**2 - 5*f**2. What is q(i)?
0
Let q = -269 - -268. Let p(n) = -n**2 + 3*n - 1. Let i be p(3). Let d = i + q. Let b(l) = 5*l. What is b(d)?
-10
Let m(a) = -a - 13. Let h be m(-11). Let q(g) = -g + 10. Let c be q(8). Let z(t) = -2*t**2 - 4*t**2 + 4*t**c - 3*t. Calculate z(h).
-2
Let q(n) be the second derivative of n**4/8 + 11*n**2/2 + 13*n. Let m(t) be the first derivative of q(t). What is m(4)?
12
Let x = 1087 + -631. Let z be 2/13 - x/(-78). Let c(m) = -2 + 0 + m + 0 + 0. Calculate c(z).
4
Suppose -17*l + 52 = -50. Let p(b) = 6 - 2*b + 3 - 4. What is p(l)?
-7
Let q be 2/((-175)/180 - -1). Let f(s) = -s + s - 68*s**2 + s + q*s**2. What is f(-1)?
3
Suppose 0 = 2*t - 10. Let a(l) = 10*l + 1 + 4*l + 1 - 15*l. Determine a(t).
-3
Suppose -4*d - 781 = -769. Let v(g) = -8*g - 18. What is v(d)?
6
Let p be (-87)/3 - (-8)/(-2). Let j be (-8)/52 + p/39. Let z(o) = -5*o - 1. Give z(j).
4
Let z(q) = -q**2 + 9*q + 10. Let d be (-1)/((-200)/64 - -3). What is z(d)?
18
Let h(k) = -k**2 - 7*k - 3. Let q(m) = -3*m**2 + 1. Let x(r) = 4*r**2 + r - 1. Suppose -1 = j + 4. Let s(f) = j*q(f) - 4*x(f). Let c be s(-5). Give h(c).
3
Let h(p) = 20*p**2 - 13*p - 15. Let w(c) = -10*c**2 + 6*c + 7. Let b be (-4 - (-27)/6)*12*1. Let q(k) = b*h(k) + 13*w(k). What is q(-1)?
-9
Let s = -5 - 2. Let v(t) = 7*t**2 + 4*t + 2. Let h(o) = 2*o**2 - o. Let i(b) = 3*h(b) - v(b). What is i(s)?
-2
Let l(c) = -4*c + 18. Suppose -3*g = 2*u - 21, 0 = -2*